*t. Calculate the greatest common divisor of t and p.
8
Let f = -27 - -45. Calculate the highest common factor of 2 and f.
2
Suppose 5*j - 3*k - 29 = 0, 3*k = -2*j + 3*j - 13. Suppose j*d - 99 = 5*t, 5*d - 2*t + 13 - 124 = 0. What is the highest common divisor of 3 and d?
3
Suppose -32*l + 31*l + 4 = 0. Let m be (1/(-1))/((-1)/1). What is the highest common divisor of m and l?
1
Suppose 177 - 9 = 4*z. Suppose 5*b - 18 = g, 5 - 1 = b. Let i be (z/(-35))/(g/(-10)). Calculate the greatest common divisor of i and 9.
3
Let f = 49 + -21. Calculate the greatest common factor of f and 224.
28
Suppose 4*p - 5 = 2*p + k, 3*k = -5*p + 29. Suppose p + 1 = c. Suppose 5*v + 5*n = 9*n + 14, v - 3*n = 5. Calculate the highest common factor of v and c.
1
Let c = 1 + 10. Calculate the highest common factor of 22 and c.
11
Let p = 86 - 47. What is the greatest common divisor of 39 and p?
39
Suppose -96 = -4*n + 4*s, 2*n + 5*s - 60 = s. Suppose 0*q + 13 = q. Calculate the highest common factor of q and n.
13
Let r(t) = t**2 - 3*t + 6. Let j be r(5). Suppose 79*h - 27*h = 2080. What is the greatest common factor of h and j?
8
Let t be 2 + -2 + 62 + 8. What is the highest common factor of 28 and t?
14
Suppose -3*m = 4*w + 41, -5*w + 45 = -5*m - 0*m. Let k be (-2)/m - 258/(-33). What is the highest common divisor of 32 and k?
8
Let j(i) = 9*i**2 + i. Suppose 0*f - 3*f = 3. Let s be j(f). Let p = 18 - s. What is the greatest common factor of 2 and p?
2
Suppose -2*x + 20 = 3*x. Let j(c) = 0 + 2*c**2 + 10*c - x - 6 + 4*c**2 - c**3. Let t be j(7). What is the highest common factor of 44 and t?
11
Let k be (-1)/8 + (-187)/(-88). Let i be 73 + -2 - (k + 1). Let y = -14 + 31. What is the greatest common divisor of i and y?
17
Let z be (-12)/(-16) + (-13)/(-4). Let u(g) = 2*g**3 - 4*g**2 + 2. Let y be u(3). What is the highest common factor of y and z?
4
Suppose 0 = -z - 4*n - 6 + 5, 2*z - 26 = -n. Let f be (-220)/6*(-18)/z. Calculate the highest common factor of 11 and f.
11
Let z = 108 + 2. Calculate the greatest common factor of 44 and z.
22
Let x(l) = l**3 + l - 2. Let j be x(3). Suppose 2 = -3*s + 11. Suppose 2*z - y = -s*y + 76, -2*z + y = -88. What is the highest common divisor of z and j?
14
Let o(b) = -29*b + 9. Let a be o(8). Let r be -2 - a - (1 + 0). Suppose 4*z + z = r. Calculate the highest common factor of 4 and z.
4
Let q be 20*(3 + 18/(-8)). Calculate the greatest common divisor of q and 60.
15
Suppose -180 - 76 = -4*t. Calculate the highest common divisor of t and 16.
16
Let c be (-1)/(-2) + 9/2. Suppose 0 = -3*m + c*o + 8, -2*m + o = 6*o + 3. Let h(b) = 2*b**2 - b. Let l be h(m). Calculate the greatest common factor of l and 5.
1
Suppose 731 = 3*t + 4142. Let y = t + 805. Let k = 476 + y. Calculate the greatest common divisor of k and 18.
18
Let o be (-144)/(-4) + 1*3. Let s = -4 - -8. Suppose s + 9 = c. Calculate the greatest common divisor of o and c.
13
Suppose j + 5*k + 52 = 3*j, j + k - 26 = 0. Calculate the greatest common factor of j and 39.
13
Suppose 5*w = -4*v + 24, 4*v - w - 60 = 3*w. Suppose -4 = -k + 7. Calculate the highest common divisor of k and v.
11
Suppose 0 = x - 3*x + 58. Calculate the highest common divisor of x and 203.
29
Suppose -8*z + 40 = 5*a - 3*z, -2*z = -4*a + 8. Suppose -3*v + 3*s + 6 = s, 2*s + 6 = -3*v. Let w = v + 8. Calculate the greatest common divisor of a and w.
4
Let z(d) = 7*d**2 - 17*d + 3. Let y be z(5). Calculate the highest common factor of 31 and y.
31
Suppose -5*r = -140 - 280. Suppose -784 = -12*x - 2*x. What is the highest common divisor of x and r?
28
Let u = -25 - -37. Suppose 0*i - 3*i + u = 0. Suppose 5*z = 2*z + 5*o + 68, 3*z + o = 44. What is the highest common factor of i and z?
4
Let w = 18 - 10. Let n(u) = u + 5. Let c be n(-10). Let b = c + w. What is the highest common factor of b and 3?
3
Let q(z) = -z**2 - 23*z - 10. Let k be q(-22). Let b = 13 - -11. What is the highest common factor of b and k?
12
Let l be (-2)/(-5) - 26/(-10). Let i = 40 + -12. Let m = -7 + i. Calculate the highest common divisor of l and m.
3
Suppose 51*c + 26 = 52*c. What is the highest common factor of 39 and c?
13
Suppose 0 = 4*u + u - 50. Suppose 3*f + 326 = 5*f. Let b = -83 + f. Calculate the greatest common divisor of u and b.
10
Let y be ((-588)/245)/(((-2)/(-1))/(-20)). Calculate the highest common factor of y and 36.
12
Suppose 0*i - i = -q - 87, 4*i - 3*q = 351. Let o(j) = 9*j + 1. Let p be o(1). Calculate the highest common divisor of i and p.
10
Let q be -2*((-330)/4)/3. Suppose -2 = -h + 7. Let i be (-5)/((-5)/h) - -2. What is the greatest common factor of i and q?
11
Suppose 7*a - 11*a + 4 = 0. What is the highest common factor of 4 and a?
1
Let m be (8/(-6))/((-13)/702). What is the greatest common divisor of 9 and m?
9
Suppose 6*x - 2*x + w + 6 = 0, 2*w = -4. Let f be 3/6*x*-54. Calculate the greatest common factor of f and 54.
27
Let x be (-2 - -75)/(1 + 0). Suppose -i = -5*i + 772. Suppose i = d + x. What is the greatest common factor of d and 12?
12
Let y = 225 + -115. Calculate the greatest common divisor of 10 and y.
10
Let f(w) = -3*w - 9. Let p be f(-3). Suppose p = 2*s - 27 - 13. What is the highest common factor of 30 and s?
10
Suppose b + 14 = w + 4*b, 28 = 2*w - 2*b. Suppose 133 = u + 7. What is the greatest common divisor of u and w?
14
Suppose 8*j = 38 - 6. Calculate the highest common factor of 6 and j.
2
Let f(q) = -5*q + 1 + 0*q**2 + 2*q**2 + 0*q**2 + 0. Let w be f(5). What is the greatest common divisor of w and 39?
13
Let g = -24 - -14. Let q(a) = a**2 + 2*a + 8. Let c be q(g). What is the highest common factor of c and 8?
8
Suppose 0*v = -v. Suppose 4*n - 5*c - 509 = 0, v*c - c = -5*n + 631. Let j(a) = 13*a + 1. Let y be j(1). What is the highest common factor of n and y?
14
Let t = 0 + 10. Let y be 2/(-3 + t/3). Calculate the highest common factor of y and 4.
2
Suppose -3*d + 8 = -d. Suppose -d*p = -2*r - 2, -p - 5 + 22 = 5*r. What is the highest common divisor of r and 27?
3
Let d(i) = 4*i**2 + 2*i - 1. Let a = 2 - 6. Let g be d(a). Calculate the highest common divisor of g and 11.
11
Let p(c) = -c**3 - 7*c**2 + 7*c + 4. Let l be p(-8). Suppose 0*i = i - 7. Let v = -4 + i. What is the greatest common divisor of l and v?
3
Let d(x) = -x**2 + 5*x**2 + x - 1 + 4*x**2. Suppose y + 4 = 3*y. Let u be d(y). Calculate the greatest common divisor of u and 11.
11
Suppose -22 = -x - 7. Suppose -4 = 2*y + r - 0*r, 4*y = r + 4. Suppose 3*f - 307 - 8 = y. What is the greatest common divisor of x and f?
15
Suppose -106 = -3*y - 1. Let c be 7/((-28)/(-20)) + 0. What is the highest common divisor of y and c?
5
Let o(x) = -6*x + 10. Let q be o(4). Let z be (-2 + q)*10/(-4). What is the greatest common divisor of z and 10?
10
Suppose 4*z + 78 = 7*z. Calculate the highest common divisor of z and 39.
13
Let a = -267 - -372. Let d(r) = r**2 - 2*r + 1. Let k be d(1). Suppose k = -2*y + 6*y - 60. Calculate the highest common factor of y and a.
15
Suppose 3*p = -4*v + p + 88, 3*v - 61 = -4*p. Let d = 16 - -53. Calculate the highest common divisor of v and d.
23
Let p(a) be the third derivative of -a**5/60 + 7*a**4/24 - a**3/2 + 3*a**2. Let n be p(6). Let h = n + 12. Calculate the greatest common factor of 120 and h.
15
Let o = -12 - -20. Let t = 6 + -8. Let q = t - -6. Calculate the highest common divisor of q and o.
4
Let h(d) = d**3 - 12*d**2 - d + 16. Let p be h(12). Calculate the greatest common factor of p and 1.
1
Let z = -3 + 8. Suppose -3*t - 10 = 2*t, 6 = -z*f - 3*t. Suppose 39 = 3*y - f. Calculate the greatest common factor of y and 65.
13
Let h(q) = -q**3 - 14*q**2 + 30*q - 14. Let f be h(-16). Let r(c) = c**3 - 2*c**2 + 2*c + 2. Let l be r(2). Calculate the highest common factor of f and l.
6
Let z = -15 - -29. Suppose -z = -q - q. Let r be 28/(-36) - -1 - 122/(-18). What is the greatest common divisor of r and q?
7
Suppose 3*t + 2*t = 575. Let j be ((-30)/25)/(6/80). Let h be j/12 - 219/(-9). What is the greatest common factor of t and h?
23
Let q be -1*(-44)/(-55)*10/(-4). Suppose -2*b + 0*b = -14. Suppose 2*v = 21 + b. What is the greatest common factor of q and v?
2
Let h = 60 - 12. Calculate the greatest common divisor of h and 16.
16
Let v(n) = -2*n**3 - 8*n**2 - 2*n - 3. Let s be v(-6). Le